 - 44962, -5*n - 4*l + 21604 = -23357. What is the tens digit of n?
9
Suppose 221*d - 216*d = -10. What is the units digit of d + (-27922)/(-22) - (-48)/(-264)?
7
Let w(k) = k**2 - 19*k + 18. Let z be w(18). Suppose -5*s + 797 + 18 = z. Suppose 4*v + 292 = 4*u - 344, -u + s = v. What is the tens digit of u?
6
Let o(w) be the second derivative of 0 - 4*w + 1/2*w**2 - 11/3*w**3. What is the tens digit of o(-5)?
1
Let t(o) = 166*o**2 + 34*o + 398. What is the hundreds digit of t(-9)?
5
Let o be -13*(-2 - (5 - 9)). Let p = o - -29. What is the units digit of (82/((-6)/(-3)))/(p/12)?
4
Let a(j) = -147*j**2 - 85*j + 85. Let l(m) = 33*m**2 + 21*m - 21. Let t(z) = 2*a(z) + 9*l(z). Suppose -3*d = -7*d - 36. What is the units digit of t(d)?
3
Suppose -2*t = j - 4802, -4583 - 2642 = -3*t + 4*j. What is the hundreds digit of t?
4
Let a(l) = l**2 + 18*l - 746. What is the units digit of a(-97)?
7
Suppose 3*z - a + 832 + 527 = 0, 0 = -5*z - 3*a - 2265. Let k = -284 - z. What is the hundreds digit of k?
1
Let t(v) = 4*v - 2*v**3 + 3*v**3 + v**2 - 30 + 16 - 2*v**3. What is the tens digit of t(-8)?
3
Suppose 2*q - 2*p = 5908 + 44538, -q + 25225 = p. What is the thousands digit of q?
5
Let m(h) = -4*h + 88. Let p be m(20). Suppose -21*k + p*k = -4251. What is the tens digit of k?
2
What is the units digit of 1144/(-33)*(1 - (-145)/(-1))?
2
Suppose 0 = -o + 6*o + 60. Let d be (-3)/o - (-1454)/8. Suppose 4*c + 128 = 4*b + 476, 4*b + d = 2*c. What is the tens digit of c?
8
Let n = 13719 - 1968. What is the thousands digit of n?
1
Suppose 3*n = -6*u + 3*u + 9, 0 = -4*n + 4*u + 4. Let o = -1721 + 2624. Suppose 5*z - o = -4*v, -433 = -2*v - n*z + 17. What is the tens digit of v?
2
Let f(j) = -30*j + 570. Let l be f(17). Suppose -15 = -2*u + 199. Let w = u - l. What is the units digit of w?
7
Let x(k) = k**3 - 8*k**2 + 3*k + 272. What is the hundreds digit of x(16)?
3
Let o(u) = 151*u - 9 - 42 + 0 + 20. What is the tens digit of o(1)?
2
Let f(u) = 2363*u + 4018. What is the ten thousands digit of f(4)?
1
Let y = -181 - -188. Let h(q) = 21*q + 6. What is the units digit of h(y)?
3
Suppose 0 = 12*y - 15*y + 3*w + 140442, -4*y - w + 187241 = 0. What is the thousands digit of y?
6
Let j be (-3)/(6/(-7)) - (-24)/16. Suppose 687 = 7*b - j*b - v, -330 = -b - 4*v. What is the hundreds digit of b?
3
Suppose 0 = 2*f + 9 - 1. Let g = 70 + -43. What is the units digit of ((-8628)/g)/(-2) - f/18?
0
Let a = 93414 - 65640. What is the units digit of a?
4
Let z(i) be the first derivative of -2*i**3/3 + 7*i**2 - i - 1. Let s be z(11). Let v = s - -213. What is the units digit of v?
4
Let s = -358 - -367. Suppose -s*p + 4816 = 7*p. What is the hundreds digit of p?
3
Let k(d) = 268*d**2 + 245*d + 245. What is the tens digit of k(-1)?
6
What is the thousands digit of (-166)/(-4731) - 4502654/(-114)?
9
Suppose -o = -0*o - 2*z - 174, -2*z - 6 = 0. Suppose -j - o = -3*n + 178, -j - 2*n = 331. Let h = 485 + j. What is the hundreds digit of h?
1
Suppose 28*n = 4*n + 95904. What is the thousands digit of n?
3
Let h(d) = -60*d - 130*d - 6 - 186*d + 96*d. What is the hundreds digit of h(-1)?
2
Suppose -43*n + 41*n + 117330 = 2*o, -35 = 5*n. What is the ten thousands digit of o?
5
Suppose 2 = -3*i + 5*w, 6*w - 3*w - 36 = -4*i. What is the tens digit of -3 + i - -120 - 6?
1
Let y be 17/(-68) - 9/(-4). What is the units digit of (-5264)/32*(2 - 3)*y?
9
Suppose 31*p + 11*p - 241803 = 87015. What is the units digit of p?
9
Let g = 40 - 109. Let i = 298 + g. What is the hundreds digit of i?
2
Let m be (16 - 3/(-1)) + -3. Let r = 21 - m. Suppose -2*i - 37 = -g - 297, 644 = r*i - g. What is the units digit of i?
8
Suppose 126*a = -4*n + 124*a + 29088, 0 = 2*n - a - 14532. What is the units digit of n?
9
Let o(u) = -u**2 - 7*u + 8. Let n be o(-8). Suppose b - 6*b + 65 = n. Suppose -b*f + 6*f + 525 = 0. What is the units digit of f?
5
Let i be -9 + (0/3 - 1). Let p(y) = -1. Let l(t) = -t**2 - 9*t + 25. Let m(d) = l(d) + 2*p(d). What is the tens digit of m(i)?
1
Suppose y + 3*f + 3 = 0, 6*f = -y + 11*f - 27. What is the hundreds digit of 640/y*(-1 - (-62)/(-4))?
8
Suppose -3*x = -86*t + 90*t - 337396, -4*t + 337380 = 5*x. What is the ten thousands digit of t?
8
Let q = 27 + -32. Let z(u) = 2*u**2 - 4*u + 3. Let j be z(q). Suppose -j = -2*r + 55. What is the tens digit of r?
6
Let o be (5/(50/24))/((-3)/(-3110)). Suppose 3*q - b = o, q - 3*b - 832 = -4*b. What is the hundreds digit of q?
8
Suppose 0 = 4*a + d - 221967, 55539 = 89*a - 88*a - 5*d. What is the hundreds digit of a?
4
What is the tens digit of (-2)/3*(-214 + -41591)?
7
Let x(m) be the third derivative of 7*m**5/120 + 7*m**4/8 - m**3/2 - 22*m**2. Let g(q) be the first derivative of x(q). What is the units digit of g(7)?
0
Suppose 3*s = 4*a, -5*s - 4*a + 5*a + 17 = 0. What is the units digit of -92*102/(-48)*s?
2
Let l be 7632048/2162 + (-4)/46. Suppose 4*q - 4*j = 3524, 4*q = -0*q + 2*j + l. What is the hundreds digit of q?
8
Let t be ((-400)/(-10))/(-5)*(-1)/8. What is the units digit of -2 + 541 + 0 + t?
0
Suppose 5*u + 6*k = 3*k + 485, 2*u - 194 = k. Let a = u + 749. What is the hundreds digit of a?
8
Let w = 37224 - -23321. What is the thousands digit of w?
0
What is the tens digit of 11/44 + 5 + 133255/20 + -2?
6
Let a be 4/(-10)*(-325)/10. Let p = a - -21. Let z = p - -26. What is the units digit of z?
0
Let t(a) = 7*a + 5. Let g(u) = 8*u + 4. Let y(m) = -6*g(m) + 7*t(m). Let i be y(3). What is the units digit of ((-16)/i)/((-69)/21 - -3)?
4
Suppose 3*s + 5606 = b, 21*s - 16758 = -3*b + 18*s. What is the thousands digit of b?
5
Suppose 20*s + 23*s - 339031 = 6*s. What is the units digit of s?
3
Suppose -75*k - 16963816 = -475*k - 24*k. What is the units digit of k?
9
Suppose 327*q - 14*q + 150*q = 16677260. What is the units digit of q?
0
Let x(j) = -j**3 + 8*j**2 - 7*j + 4. Let i be x(7). Suppose 3*o - 2 = i*o. What is the hundreds digit of (-6)/((o/(-19))/(-2))?
1
Let m(g) = -2*g - 8. Let a be (-7)/(7/9) + 4. Let c be m(a). What is the tens digit of 13*(-1 + c - 0)?
1
Suppose 42 = 14*i - 0. Let a(j) = 12*j**2 + 4*j - 3. What is the hundreds digit of a(i)?
1
Suppose 0 = 2*a - 4*a + 54. Let k be -4*(a/6 + -5). Suppose -m + k*q + 22 = 0, 5*q - 3 = -2*m + 5. What is the units digit of m?
4
Let g(r) = -5*r - 3. Let i(q) = -q**2 - 7*q. Let w be i(-6). Let l be g(w). Let u = l + 47. What is the tens digit of u?
1
Suppose 0 = -3*k + 5*s + 4821, 100*k - 3219 = 98*k + 5*s. What is the hundreds digit of k?
6
Let v be 2 - (-1*4*1 - 2). Suppose v = 2*r - 68. Suppose -40*l + 140 = -r*l. What is the units digit of l?
0
Let r(s) = -3458*s + 2152. What is the thousands digit of r(-6)?
2
Let n(h) = h**3 + 16*h**2 + h + 17. Let d be n(-16). What is the hundreds digit of 1/(d/3) + 6993/37?
1
Let m = 4309 + 12934. What is the ten thousands digit of m?
1
Let c(t) = 16*t**3 - t**2 - 4*t - 3. Let j be c(-1). Let l = j + 18. Suppose -3*p + 0*p = -l*v - 111, -v - 185 = -5*p. What is the tens digit of p?
3
Suppose 3*s = -8478 + 22842. What is the thousands digit of s?
4
What is the thousands digit of 0 - 5 - (-41638 - -402)?
1
Suppose 4*u + 6100 - 26107 = -3*v, -2*v + 3*u = -13355. What is the thousands digit of v?
6
Suppose 11*k = 4*k + 21. Suppose 4*w = -k + 19. Suppose 0 = w*o - 23 - 165. What is the tens digit of o?
4
Suppose -13*f + 1530 = -16*f. Let t = f + 899. What is the hundreds digit of t?
3
Suppose -8*t - 16332 = -48749 - 253007. What is the tens digit of t?
7
Let k(c) be the first derivative of c**4/4 + 14*c**3/3 - 27*c - 29. What is the tens digit of k(-10)?
7
Suppose -39*z + 162 = -12*z. Suppose 0 = -z*c + 510 + 2484. What is the hundreds digit of c?
4
Let m be (-271018)/(-77) + -2 + 32/14. Suppose -5*y + 7*p = 9*p - m, 0 = 4*y + p - 2819. What is the tens digit of y?
0
Let m(d) be the first derivative of 2*d**3 + 13*d**2/2 + 50*d + 47. What is the units digit of m(11)?
9
Let u be ((6/3 - 3)*0)/(-1). Suppose -m - 3*c + 8 = u, c = 5*c - 8. What is the units digit of (-4 + 26 + 1)*m?
6
Let v(h) = 25*h + 15 - 12*h - 12*h. Let g be v(-18). What is the tens digit of g/((3/344)/(1/(-4)))?
8
Let c be ((-117)/(-156))/((-1)/(-675 - 1)). Suppose 0 = 6*v - 11*v + 4*w + 850, -3*v + 3*w = -c. What is the units digit of v?
4
What is the thousands digit of (-4